 + 5
-7
What is 5 - 2 - (-2 - -6) - -2?
1
3 + 4 + -17 + (-5 - -10)
-5
Evaluate 7 + (-10 + 17 - (9 + -2)).
7
-7 - -2 - (-2 + -2 + -6)
5
(-3 - -7) + -7 + 4 + 2
3
Evaluate -5 - 0 - -6 - -5.
6
Evaluate 2 - (-2 + (-1 - -3)) - -2.
4
Calculate 0 + (7 - 6) + 0 + 0.
1
Calculate (5 - 3) + -3 + (-4 - -3).
-2
What is (-4 - -12) + (-2 - 12)?
-6
Calculate (-4 + 11 - -1) + -7.
1
What is the value of 9 + (-7 - 1) - 6?
-5
What is (-7 - -3) + 3 + -4?
-5
Calculate -1 + 1 + (5 - 3).
2
Evaluate (8 - 2) + -32 + 20.
-6
0 + -1 + (5 - 3 - 3)
-2
9 + -17 - (1 + -4)
-5
What is the value of 1 - (-7 + 4) - 4?
0
0 + -3 - (7 + -6 + -5)
1
Evaluate 2 - (6 + -4 - 1 - 2).
3
Calculate -116 + 117 + (0 - -2) + 0.
3
Evaluate 7 + -3 + 3 + -1 + -3.
3
4 + -1 + (-9 - -4)
-2
What is -26 - -27 - (0 + 0)?
1
What is the value of (6 - (-4 - (-5 + -4))) + 2?
3
Evaluate -1 + 9 + -13 - 4.
-9
What is the value of 3 + (3 - 3) - 2?
1
What is 1 + -10 + (-5 - -7)?
-7
-5 - (2 - 16) - (-8 + 15)
2
4 - 2 - 6 - -1 - -7
4
What is 8 - (4 - -6) - (-1 - 1)?
0
What is 4 - (12 + (-8 - -2))?
-2
What is -232 - -239 - (-1 - 3)?
11
What is the value of (6 - 4) + -1 + 4 + 0?
5
Calculate (6 - -2) + 1 + -4.
5
What is the value of 0 - 4 - 4 - -3?
-5
What is the value of 7 + 9 + (-11 - -2)?
7
Calculate (20 - 25) + 1 + 0.
-4
Calculate 0 + (1 - (5 + -7 + 3)).
0
What is 1 - 4 - (0 + -4) - -2?
3
Calculate -5 + 22 + -15 + 6.
8
What is the value of (1 - 2) + (-1 - -5)?
3
Calculate 1 - -3 - (23 + -18).
-1
Calculate -5 - (-2 + -1 - (-10 - -8)).
-4
What is -8 + -1 + 2 - (-10 - -7)?
-4
What is (2 - (-2 + 1) - -2) + 0?
5
-8 + 4 - (-5 + 11 + -11)
1
What is -1 - (-6 + 2 - -4)?
-1
Calculate (-23 - -14) + 14 - (-2 - -1).
6
(-7 - (-7 + 4)) + -1 + 3
-2
Evaluate 1 + -8 - (11 + -14).
-4
What is the value of -5 - (-11 + (4 - (2 + -4)))?
0
Calculate (-5 - -1) + -30 + 31.
-3
What is 0 + 1 + -3 + 3 + -3?
-2
Calculate -1 + (6 + 0 - (4 - 0)).
1
Calculate (4 - (0 + 7) - -4) + 0.
1
Calculate 3 + 12 + (6 - 11) + -5.
5
What is (-23 - -17) + -3 + 4?
-5
Evaluate (1 + (5 - 6) - 6) + 2.
-4
Evaluate -5 + (-3 - 1 - (-24 - -15)).
0
Calculate (-6 - -1) + 1 + -3 + 5.
-2
Evaluate -4 + (9 - 0) + -12 + 12.
5
What is the value of -160 + 150 + 1 + 10?
1
What is the value of 0 + 10 + -1 + -1?
8
What is the value of (-16 - -8) + (-4 - 1) - -6?
-7
What is (1 + 2 - 3) + (3 - 3)?
0
Calculate 73 - 77 - (-9 - -1).
4
What is -5 + -4 + 7 - -6?
4
Evaluate -16 - -15 - (11 - 8).
-4
What is -1 - 3 - (7 - 7 - -1)?
-5
What is the value of 1 - (-6 + (-4 + 3 - -3))?
5
What is the value of (6 - 1) + (-7 - (-6 - -4))?
0
What is the value of (15 - (-12 - -24)) + -10?
-7
What is -17 + 18 + (-1 + 0 - 0)?
0
(7 - 3) + (-15 - -2)
-9
Calculate 0 + (2 - 7) + 6.
1
Calculate -2 + (-21 - -22 - (-3 - 1)).
3
What is the value of 10 - 6 - (-4 + -4 + 11)?
1
15 + -9 - (-1 + 1)
6
What is the value of 5 + -2 + 4 - (-25 + 27)?
5
Evaluate (1 - -2 - 2) + 1.
2
(12 - (0 - -5)) + -5
2
Evaluate (-7 - (-3 + 1 - 1)) + 7.
3
What is the value of 5 + 2 + -8 + 6?
5
6 - ((-1 - -7) + 1 - 7)
6
What is 40 + -47 - ((-7 - 2) + 1)?
1
What is the value of (-4 - -3) + (-1 - (-1 - 1))?
0
What is -11 + (-7 - (-14 - 0))?
-4
(14 + -17 - (2 + 6)) + 3
-8
What is the value of 0 + (-3 - -2) + -2?
-3
What is (4 - 2 - -7) + (40 - 44)?
5
Evaluate (6 - -2 - 5) + -8.
-5
Evaluate 9 - (-11 - -16 - -12).
-8
What is -2 + 2 + 1 + (-6 - -1)?
-4
Calculate 5 - (16 - (11 - 4)).
-4
What is the value of 9 + -4 - (7 - 0) - 4?
-6
What is -3 - (4 - (6 - (4 + -5)))?
0
Evaluate -3 + 2 + (0 - (4 + -2)).
-3
What is -2 + 0 + -4 + 2?
-4
3 - (5 - 7 - -3)
2
Evaluate (-6 - (-2 + -4)) + -1.
-1
What is the value of -7 + 4 + 1 + 7?
5
-62 + 62 - (-6 + -2 + 1)
7
6 + 5 - (-4 + 9)
6
What is the value of 0 - (12 + -19 + 9)?
-2
2 + 7 + -14 + 15 + -7
3
Calculate -1 - ((-3 - 1) + -1) - 5.
-1
Evaluate -24 + 28 + (-10 + 0 - -1).
-5
What is (3 - (4 + -1)) + -5 + 2?
-3
What is the value of 3 + -1 - (-6 + (4 - 1))?
5
-1 + -10 + 7 - (-6 + -1)
3
Evaluate (9 - 10 - -1) + 5.
5
-15 + 2 + 3 + 8
-2
(0 - 3) + (11 + -3 - 9)
-4
What is the value of (3 - -1) + 5 + -12?
-3
Calculate 2 + -4 - -6 - (51 - 49).
2
0 - 7 - (-21 - -19)
-5
Calculate -1 + -2 + 2 + 17 + -16.
0
Evaluate 1 + -3 + (10 - 10).
-2
Evaluate (10 - (-2 + 9)) + -12.
-9
0 + 1 + 0 + 0 - 0
1
Evaluate 4 - (17 - (11 - 4)).
-6
Calculate 11 - (14 + -7) - -1.
5
Evaluate (-3 - -1 - 2) + 8 + 0.
4
What is the value of (3 - 6) + 2 - -6?
5
6 - (-1 + 3) - 5
-1
What is the value of -13 + -3 + 3 - (50 - 55)?
-8
What is -4 + 0 + 9 + -5 + 4?
4
-10 - 2 - -6 - -12
6
Evaluate -1 - (-7 + 6 + (0 - -3)).
-3
What is the value of 1 + 8 + -9 + (5 - 1)?
4
(1 - -1 - 6 - 2) + 3
-3
What is -2 + (-13 - -6 - -3)?
-6
2 + (-18 - -8) + 1
-7
Evaluate -8 + (-2 - 1 - (-7 + -1)).
-3
Evaluate 5 + -1 - (0 + 6 + 5).
-7
Evaluate -5 + 2 - -4 - 2 - 3.
-4
Calculate (-2 - 3) + 0 - (-26 - -27).
-6
What is (4 + -3 - 4) + 1?
-2
What is the value of -2 - (1 + -2) - -3 - -3?
5
Calculate (-8 - (1 + -3)) + 4.
-2
17 + (-1 - (8 - 1))
9
What is the value of 3 + (3 - (6 + 0)) - 3?
-3
What is -15 + -1 + (-11 - -20) + -2?
-9
Evaluate 6 + -3 + 0 - 4.
-1
4 - 1 - (-16 - -17)
2
Calculate 7 - (-5 - (-1 - 9)).
2
What is -6 - (3 + (-7 - 0))?
-2
What is the value of 31 + -11 + -15 + (5 - 0)?
10
32 - 39 - (-6 + -1)
0
What is the value of 35 + -44 + (2 - 2)?
-9
What is the value of -4 + 0 - (0 + (-11 - 2))?
9
Calculate 5 - (-2 - (6 + -4 - 2)).
7
What is (-2 - (7 + -18)) + 5 + -8?
6
Evaluate 4 + 6 + (-15 - -5).
0
Evaluate -3 + (-1 - (-5 + 6 - 2)).
-3
What is the value of -5 + (2 - 0) - -2?
-1
What is 26 + -23 - ((-2 - -13) + 0)?
-8
Evaluate 1 + -2 + 3 - (5 - -2).
-5
Calculate 14 - (5 - 3) - 12.
0
-10 - (0 + -11 + 2)
-1
What is 2 + (9 + -6 + -2 - -4)?
7
Evaluate -2 + 7 - (-8 + 8).
5
What is the value of 1 - (-1 + -2 - -6)?
-2
Calculate -135 + 135 - (-2 - -1).
1
What is the value of 7 + -1 + (-16 - -10)?
0
1 + -6 - (12 - 15)
-2
What is the value of -6 + (2 - (-7 - -5))?
-2
Evaluate (1 - 2) + 0 + 3 + -5.
-3
Evaluate 2 + (-1 - 0) - (1 + -3).
3
Calculate 0 - 4 - -8 - 2.
2
What is 8 + (-10 + 6 - -4) + -4?
4
Evaluate 5 - 2 - (-18 + 25).
-4
What is 7 - (-5 + (-5 - -4) + 13)?
0
What is 1 + 7 + 4 + -6?
6
What is the value of 0 + 5 + -10 - -4?
-1
Evaluate -9 - (1 - (4 - (-2 + 0))).
-4
Evaluate 17 + -12 - (1 - (1 - 0)).
5
Evaluate (7 - (-2 + 9)) + 3.
3
What is the value of 143 - 140 - (1 + (-1 - -11))?
-8
Evaluate 3 - 0 - (6 + -2).
-1
What is the value of -4 - (11 + -2 + 13 + -17)?
-9
-23 + (6 - -6) + 7
-4
5 - (0 + (-7 - -9))
3
What is -8 + 1 + 13 - 6?
0
What is (-7 - 2 - -2) + (12 - 3)?
2
What is -2 + -1 + 0 + 0?
-3
0 - (2 + -1) - -4
3
Evaluate (-6 - (-1 - 7)) + -7.
-5
Evaluate -4 + -2 + 6 - -2.
2
What is the value of 6 + -3 - 0 - 8?
-5
What is the value of (3 - 5) + 3 + (4 - 5)?
0
Calculate -6 + 0 + (10 - (14 + -2)).
-8
What is 1 + (-3 - (0 - 5))?
3
Calculate 8 + -12 + -3 - -12.
5
What is the value of 8 - (4 - (-3 + 1 + 3))?
5
What is the value of -8 - (-1 - (-2 - -5 - 0))?
-4
What is 2 + (-2 + 2 - (33 + -37))?
6
Evaluate (9 - 8) + -2 + 0.
-1
Evaluate 3 + 4 + -1 + -7.
-1
What is the value of 0 - (0 + -3 + 3 - 0)?
0
What is the value of 4 - 0 - 1 - 5?
-2
What is the value of (-10 - (9 - 18)) + 7?
6
What is (-23 - -35) + (1 + 0 - 6)?
7
Calculate (-1 - 7) + (4 + -10 - -10).
-4
What is the value of -2 - (4 - (-3 - -3))?
-6
3 - -1 - (-18 + 20) - 0
2
(-7 - (-12 + 6)) + (-1 - 0)
-2
13 + -18 + -4 - (-3 - 1)
-5
Calculate 54 + -65 + 12 + 0.
1
What is (-33 - -34) + 2 + 1?
4
What is -14 + (5 - -9) - (1 - 7)?
6
(0 - -13) + -8 - 0
5
-5 + 3 + -10 + 8
-4
Evaluate (-1 - 0) + (-61 - -55).
-7
Calculate 26 + -32 - (-3 + -1).
-2
What is -3 + 3 + -6 - -5?
-1
-5 + 9 + 1 + -10
-5
Evaluate 4 + -2 + -2 - 2.
-2
Calculate 1 + -2 + 0 + (0 - -3).
2
Evaluate 4 + 0 - (48 - 43).
-1
Evaluate 0 + -1 - (-3 - 2).
4
What is the value of -13 - (-3 + -4) - 0?
-6
Calculate (-10 - (-2 - 8)) + 2 + 1.
3
What is 0 - -3 - ((0 - 3) + 1)?
5
Evaluate (-9 - -3 - -8) + -6.
-4
What is 4 + -3 + 3 + -2?
2
Calculate -3 - (6 - (19 - 6)).
4
Calculate 5 + 4 + -5 - 4.
0
What is the value of -5 + 1 - (-1 - -4 - 5)?
-2
Evaluate (2 - 6) + (2 - 2 - -4).
0
Calculate (8 - 9) + -10 + 5.
-6
Calculate -9 + (17 + -11 - -4).
1
Evaluate (-7 + 11 - 5) + -6.
-7
What is 19 + (-1 + -7 - 5)?
6
What is the value of -10 + (9 - 2) + 0?
-3
What is -8 - 1 - (15 - (4 - -12)